ed by 6?
0
What is the remainder when 132 is divided by 28?
20
Calculate the remainder when 218 is divided by 33.
20
Calculate the remainder when 688 is divided by 173.
169
Calculate the remainder when 710 is divided by 57.
26
Calculate the remainder when 1949 is divided by 65.
64
What is the remainder when 146 is divided by 45?
11
What is the remainder when 351 is divided by 72?
63
Calculate the remainder when 194 is divided by 90.
14
Calculate the remainder when 503 is divided by 29.
10
Calculate the remainder when 320 is divided by 278.
42
Calculate the remainder when 14 is divided by 6.
2
Calculate the remainder when 703 is divided by 88.
87
What is the remainder when 31498 is divided by 15?
13
Calculate the remainder when 548 is divided by 15.
8
What is the remainder when 150 is divided by 9?
6
Calculate the remainder when 3610 is divided by 16.
10
What is the remainder when 95 is divided by 68?
27
What is the remainder when 868 is divided by 169?
23
What is the remainder when 1341 is divided by 22?
21
What is the remainder when 364 is divided by 102?
58
Calculate the remainder when 284 is divided by 22.
20
What is the remainder when 230 is divided by 18?
14
What is the remainder when 1944 is divided by 5?
4
What is the remainder when 229 is divided by 28?
5
Calculate the remainder when 2803 is divided by 11.
9
What is the remainder when 152 is divided by 126?
26
What is the remainder when 792 is divided by 395?
2
Calculate the remainder when 236 is divided by 33.
5
What is the remainder when 463 is divided by 50?
13
What is the remainder when 88 is divided by 33?
22
Calculate the remainder when 2121 is divided by 706.
3
Calculate the remainder when 56 is divided by 17.
5
What is the remainder when 625 is divided by 19?
17
What is the remainder when 5981 is divided by 187?
184
Calculate the remainder when 190 is divided by 4.
2
What is the remainder when 1676 is divided by 11?
4
What is the remainder when 1144 is divided by 82?
78
Calculate the remainder when 143 is divided by 45.
8
What is the remainder when 2790 is divided by 691?
26
What is the remainder when 931 is divided by 45?
31
What is the remainder when 174 is divided by 79?
16
Calculate the remainder when 810 is divided by 181.
86
Calculate the remainder when 407 is divided by 52.
43
Calculate the remainder when 156 is divided by 143.
13
Calculate the remainder when 37097 is divided by 350.
347
Calculate the remainder when 225 is divided by 78.
69
Calculate the remainder when 169 is divided by 26.
13
Calculate the remainder when 857 is divided by 174.
161
What is the remainder when 283 is divided by 41?
37
What is the remainder when 4556 is divided by 218?
196
What is the remainder when 1167 is divided by 234?
231
What is the remainder when 1077 is divided by 22?
21
What is the remainder when 556 is divided by 113?
104
What is the remainder when 6220 is divided by 40?
20
Calculate the remainder when 1009 is divided by 142.
15
Calculate the remainder when 432 is divided by 153.
126
What is the remainder when 277 is divided by 47?
42
Calculate the remainder when 2029 is divided by 203.
202
Calculate the remainder when 163 is divided by 57.
49
What is the remainder when 331 is divided by 158?
15
What is the remainder when 682 is divided by 150?
82
What is the remainder when 4086 is divided by 55?
16
What is the remainder when 3269 is divided by 59?
24
Calculate the remainder when 2600 is divided by 1299.
2
Calculate the remainder when 1005 is divided by 343.
319
Calculate the remainder when 1083 is divided by 59.
21
Calculate the remainder when 383 is divided by 15.
8
Calculate the remainder when 806 is divided by 805.
1
What is the remainder when 37 is divided by 12?
1
Calculate the remainder when 27 is divided by 14.
13
What is the remainder when 1334 is divided by 34?
8
What is the remainder when 597 is divided by 5?
2
What is the remainder when 795 is divided by 227?
114
Calculate the remainder when 253 is divided by 16.
13
Calculate the remainder when 152 is divided by 11.
9
What is the remainder when 136 is divided by 28?
24
Calculate the remainder when 189 is divided by 15.
9
Calculate the remainder when 13355 is divided by 19.
17
What is the remainder when 504 is divided by 116?
40
What is the remainder when 373 is divided by 66?
43
Calculate the remainder when 1005 is divided by 12.
9
What is the remainder when 417 is divided by 21?
18
What is the remainder when 55 is divided by 2?
1
Calculate the remainder when 1949 is divided by 39.
38
Calculate the remainder when 516 is divided by 13.
9
Calculate the remainder when 400 is divided by 91.
36
Calculate the remainder when 413 is divided by 12.
5
What is the remainder when 109 is divided by 24?
13
Calculate the remainder when 664 is divided by 142.
96
What is the remainder when 2591 is divided by 162?
161
Calculate the remainder when 640 is divided by 73.
56
Calculate the remainder when 103 is divided by 17.
1
What is the remainder when 1494 is divided by 187?
185
Calculate the remainder when 4211 is divided by 13.
12
Calculate the remainder when 94 is divided by 33.
28
What is the remainder when 126 is divided by 34?
24
Calculate the remainder when 494 is divided by 104.
78
What is the remainder when 443 is divided by 122?
77
Calculate the remainder when 250 is divided by 14.
12
Calculate the remainder when 5972 is divided by 8.
4
What is the remainder when 106 is divided by 12?
10
What is the remainder when 30 is divided by 20?
10
Calculate the remainder when 31 is divided by 15.
1
What is the remainder when 1939 is divided by 59?
51
Calculate the remainder when 4722 is divided by 135.
132
Calculate the remainder when 126 is divided by 37.
15
What is the remainder when 31 is divided by 13?
5
Calculate the remainder when 3421 is divided by 1138.
7
What is the remainder when 529 is divided by 19?
16
What is the remainder when 2129 is divided by 21?
8
Calculate the remainder when 121 is divided by 48.
25
What is the remainder when 8838 is divided by 2946?
0
What is the remainder when 2511 is divided by 16?
15
Calculate the remainder when 55 is divided by 23.
9
Calculate the remainder when 917 is divided by 58.
47
Calculate the remainder when 414 is divided by 95.
34
Calculate the remainder when 20 is divided by 1.
0
What is the remainder when 527 is divided by 178?
171
Calculate the remainder when 1003 is divided by 325.
28
Calculate the remainder when 410 is divided by 38.
30
What is the remainder when 7150 is divided by 110?
0
What is the remainder when 136 is divided by 29?
20
What is the remainder when 866 is divided by 146?
136
What is the remainder when 215 is divided by 188?
27
Calculate the remainder when 85 is divided by 27.
4
Calculate the remainder when 191 is divided by 93.
5
What is the remainder when 293 is divided by 36?
5
What is the remainder when 669 is divided by 168?
165
Calculate the remainder when 9449 is divided by 35.
34
What is the remainder when 2582 is divided by 47?
44
Calculate the remainder when 364 is divided by 50.
14
What is the remainder when 160 is divided by 33?
28
What is the remainder when 223 is divided by 28?
27
Calculate the remainder when 153 is divided by 2.
1
What is the remainder when 1006 is divided by 28?
26
Calculate the remainder when 92 is divided by 12.
8
What is the remainder when 133 is divided by 37?
22
What is the remainder when 205 is divided by 21?
16
What is the remainder when 1001 is divided by 47?
14
Calculate the remainder when 296 is divided by 142.
12
What is the remainder when 290 is divided by 82?
44
What is the remainder when 388 is divided by 11?
3
What is the remainder when 160 is divided by 28?
20
Calculate the remainder when 261 is divided by 124.
13
What is the remainder when 604 is divided by 153?
145
What is the remainder when 334 is divided by 67?
66
What is the remainder when 516 is divided by 74?
72
What is the remainder when 56 is divided by 20?
16
Calculate the remainder when 2270 is divided by 32.
30
What is the remainder when 377 is divided by 188?
1
Calculate the remainder when 73 is divided by 33.
7
Calculate the remainder when 168 is divided by 17.
15
What is the remainder when 1068 is divided by 636?
432
What is the remainder when 349 is